{"id":946,"date":"2020-08-31T14:52:57","date_gmt":"2020-08-31T12:52:57","guid":{"rendered":"http:\/\/localhost:8888\/mjb\/collection\/a-propos\/phototheque\/"},"modified":"2023-08-28T13:50:51","modified_gmt":"2023-08-28T11:50:51","slug":"fototheek","status":"publish","type":"page","link":"https:\/\/www.mjb-jmb.org\/nl\/verzamelingen\/fototheek\/","title":{"rendered":"Fototheek"},"content":{"rendered":"\n<p>Onze fototheek telt meer dan 6000&nbsp;gecodeerde&nbsp;foto\u2019s en breidt nog altijd verder uit dankzij schenkingen en aankopen. De beelden in de fototheek hebben betrekking op de meeste aspecten van het gemeenschapsleven van de Belgische joden. Bij de vele thema\u2019s die aan bod komen, vinden we familiefoto\u2019s, beelden van Belgische of buitenlandse bekende joodse personen, over de verschillende joodse politieke bewegingen in Belgi\u00eb, het leven in de synagoge en het religieuze leven, over het zionisme, de grote conflicten in de wereld, de geschiedenis van de joden v\u00f3\u00f3r 1830 in het toekomstige Belgi\u00eb, de grote joodse maatschappelijke organisaties (Bnei brit, Naamat), de sportverenigingen, het Joods Vrijzinnig Gemeenschapscentrum, tehuizen, scholen en jeugdcentra, de joodse scouts, kunsten en ambachten, theater en muziek, film, begraafplaatsen, post Shoah-gedenkplaatsen, enz.<\/p>\n\n\n\n<figure class=\"wp-block-gallery has-nested-images columns-default is-cropped wp-block-gallery-1 is-layout-flex wp-block-gallery-is-layout-flex\">\n<figure class=\"wp-block-image size-medium\"><a href=\"https:\/\/www.mjb-jmb.org\/wp-content\/uploads\/2020\/09\/08-1000x681.jpg\"><img decoding=\"async\" data-id=\"870\" src=\"https:\/\/www.mjb-jmb.org\/wp-content\/uploads\/2020\/09\/08-1000x681.jpg\" alt=\"\" class=\"wp-image-870\"\/><\/a><\/figure>\n\n\n\n<figure class=\"wp-block-image size-medium\"><a href=\"https:\/\/www.mjb-jmb.org\/wp-content\/uploads\/2020\/09\/10-1000x701.jpg\"><img decoding=\"async\" data-id=\"878\" src=\"https:\/\/www.mjb-jmb.org\/wp-content\/uploads\/2020\/09\/10-1000x701.jpg\" alt=\"\" class=\"wp-image-878\"\/><\/a><figcaption>C\u00e9l\u00e9bration du premier Yom Ha-Atsmaout, Jour d\u2019Ind\u00e9pendance de l\u2019Etat d\u2019Isra\u00ebl, Palais de Beaux- Arts de Bruxelles, mai 1949.<\/figcaption><\/figure>\n\n\n\n<figure class=\"wp-block-image size-medium\"><a href=\"https:\/\/www.mjb-jmb.org\/wp-content\/uploads\/2020\/09\/09-1000x683.jpg\"><img decoding=\"async\" data-id=\"877\" src=\"https:\/\/www.mjb-jmb.org\/wp-content\/uploads\/2020\/09\/09-1000x683.jpg\" alt=\"\" class=\"wp-image-877\"\/><\/a><figcaption>M\u00e9morial National aux Martyrs Juifs de Belgique, Anderlecht, 1970.<\/figcaption><\/figure>\n\n\n\n<figure class=\"wp-block-image size-medium\"><a href=\"https:\/\/www.mjb-jmb.org\/wp-content\/uploads\/2020\/09\/08-1-1000x681.jpg\"><img decoding=\"async\" data-id=\"876\" src=\"https:\/\/www.mjb-jmb.org\/wp-content\/uploads\/2020\/09\/08-1-1000x681.jpg\" alt=\"\" class=\"wp-image-876\"\/><\/a><figcaption>R\u00e9fugi\u00e9s Juifs allemands d\u00e9barquant du paquebot Saint Louis le 17 juin 1932 au port d\u2019Anvers.<\/figcaption><\/figure>\n\n\n\n<figure class=\"wp-block-image size-medium\"><a href=\"https:\/\/www.mjb-jmb.org\/wp-content\/uploads\/2020\/09\/07-1000x901.jpg\"><img decoding=\"async\" data-id=\"875\" src=\"https:\/\/www.mjb-jmb.org\/wp-content\/uploads\/2020\/09\/07-1000x901.jpg\" alt=\"\" class=\"wp-image-875\"\/><\/a><figcaption>Photographie de S.M. le roi Albert 1er avec Albert Einstein dans les jardins du Palais Royal de Laeken en 1932.<\/figcaption><\/figure>\n\n\n\n<figure class=\"wp-block-image size-medium\"><a href=\"https:\/\/www.mjb-jmb.org\/wp-content\/uploads\/2020\/09\/06-669x1000.jpg\"><img decoding=\"async\" data-id=\"874\" src=\"https:\/\/www.mjb-jmb.org\/wp-content\/uploads\/2020\/09\/06-669x1000.jpg\" alt=\"\" class=\"wp-image-874\"\/><\/a><figcaption>Photographie du docteur Ren\u00e9 Duivepart, m\u00e9decin durant la Premi\u00e8re Guerre mondiale.<\/figcaption><\/figure>\n\n\n\n<figure class=\"wp-block-image size-medium\"><a href=\"https:\/\/www.mjb-jmb.org\/wp-content\/uploads\/2020\/09\/05.jpg\"><img decoding=\"async\" data-id=\"873\" src=\"https:\/\/www.mjb-jmb.org\/wp-content\/uploads\/2020\/09\/05.jpg\" alt=\"\" class=\"wp-image-873\"\/><\/a><figcaption>Cat\u00e9gorie \u00ab Scoutisme juif \u00bb : groupe de l\u2019Hashomer Hatza\u00efr \u00e0 Houffalize durant l\u2019\u00e9t\u00e9 1938.<\/figcaption><\/figure>\n\n\n\n<figure class=\"wp-block-image size-medium\"><a href=\"https:\/\/www.mjb-jmb.org\/wp-content\/uploads\/2020\/09\/04.jpg\"><img decoding=\"async\" data-id=\"872\" src=\"https:\/\/www.mjb-jmb.org\/wp-content\/uploads\/2020\/09\/04.jpg\" alt=\"\" class=\"wp-image-872\"\/><\/a><figcaption>D\u00e9fil\u00e9 des membres du Dror \u00e0 Bruxelles le 1er mai 1947.<\/figcaption><\/figure>\n\n\n\n<figure class=\"wp-block-image size-medium\"><a href=\"https:\/\/www.mjb-jmb.org\/wp-content\/uploads\/2020\/09\/03.jpg\"><img decoding=\"async\" data-id=\"871\" src=\"https:\/\/www.mjb-jmb.org\/wp-content\/uploads\/2020\/09\/03.jpg\" alt=\"\" class=\"wp-image-871\"\/><\/a><figcaption>Cat\u00e9gorie \u00ab Mouvement de Jeunesse Juif \u00bb : Groupe de jeunes du Dror avec l\u2019un des membres, Henri Bibrowski , au premier plan \u00e0 gauche.<\/figcaption><\/figure>\n\n\n\n<figure class=\"wp-block-image size-medium\"><a href=\"https:\/\/www.mjb-jmb.org\/wp-content\/uploads\/2020\/09\/13.jpg\"><img decoding=\"async\" data-id=\"881\" src=\"https:\/\/www.mjb-jmb.org\/wp-content\/uploads\/2020\/09\/13.jpg\" alt=\"\" class=\"wp-image-881\"\/><\/a><figcaption>Photographie de la Grande Synagogue de la rue de la R\u00e9gence \u00e0 Bruxelles, fin des ann\u00e9es 1890.<\/figcaption><\/figure>\n\n\n\n<figure class=\"wp-block-image size-medium\"><a href=\"https:\/\/www.mjb-jmb.org\/wp-content\/uploads\/2020\/09\/12.jpg\"><img decoding=\"async\" data-id=\"880\" src=\"https:\/\/www.mjb-jmb.org\/wp-content\/uploads\/2020\/09\/12.jpg\" alt=\"\" class=\"wp-image-880\"\/><\/a><figcaption>C\u00e9l\u00e9bration d\u2019une Bat Mitzvah collective \u00e0 la grande synagogue de la rue de la R\u00e9gence avec le ministre officiant Pinchas Kahlenberg, Bruxelles, fin des ann\u00e9es 1970.<\/figcaption><\/figure>\n\n\n\n<figure class=\"wp-block-image size-medium\"><a href=\"https:\/\/www.mjb-jmb.org\/wp-content\/uploads\/2020\/09\/11-1000x731.jpg\"><img decoding=\"async\" data-id=\"879\" src=\"https:\/\/www.mjb-jmb.org\/wp-content\/uploads\/2020\/09\/11-1000x731.jpg\" alt=\"\" class=\"wp-image-879\"\/><\/a><figcaption>Portrait du joueur d\u2019\u00e9chec Akiba Rubinstein, 1920-1930.<\/figcaption><\/figure>\n<\/figure>\n\n\n\n<p>Foto\u2019s kunnen digitaal of op papier worden besteld (behalve uitzonderingen*), tegen betaling van een vergoeding en op voorwaarde dat het copyright van het Museum onder de afbeelding wordt vermeld: \u00a9 Collecties Joods Museum van Belgi\u00eb of \u00a9 Collecties JMB<\/p>\n\n\n\n<p>* De weergave van foto\u2019s van herkenbare personen kunnen we niet toestaan zonder voorafgaande toestemming van henzelf of van hun familie.<\/p>\n\n\n\n<h2 class=\"wp-block-heading\">Tarief voor copyrights<\/h2>\n\n\n\n<figure class=\"wp-block-table is-style-stripes\"><table class=\"has-fixed-layout\"><tbody><tr><td>Afdruk in kleur<\/td><td>40 \u20ac per publicatie<\/td><\/tr><tr><td>Afdruk in zwart-wit<\/td><td>20 \u20ac per publicatie<\/td><\/tr><tr><td>Afdruk op de cover van een boek, een tijdschrift, \u2026<\/td><td>150 \u20ac per publicatie<\/td><\/tr><\/tbody><\/table><figcaption>Voor grote hoeveelheden of voor specifieke vragen is altijd een regeling mogelijk.<\/figcaption><\/figure>\n\n\n\n<h2 class=\"wp-block-heading\">Tarief voor digitale afbeeldingen<\/h2>\n\n\n\n<figure class=\"wp-block-table is-style-stripes\"><table class=\"has-fixed-layout\"><tbody><tr><td>Scan voor priv\u00e9gebruik<\/td><td>5 \u20ac per stuk<\/td><\/tr><tr><td>Scan voor commercieel gebruik<\/td><td>10 \u20ac per stuk<\/td><\/tr><tr><td>Niet-gezipte scan (Tiff 300 dpi)<\/td><td>12 \u20ac per cd-rom<\/td><\/tr><\/tbody><\/table><figcaption>Verzenden van foto\u2019s als jpg (gezipt formaat) per e-mail zonder bijkomende kosten.<\/figcaption><\/figure>\n","protected":false},"excerpt":{"rendered":"<p>Onze fototheek telt meer dan 6000&nbsp;gecodeerde&nbsp;foto\u2019s en breidt nog altijd verder uit dankzij schenkingen en aankopen. De beelden in de&#8230;<\/p>\n","protected":false},"author":1,"featured_media":5670,"parent":940,"menu_order":2,"comment_status":"closed","ping_status":"closed","template":"","meta":{"footnotes":""},"class_list":["post-946","page","type-page","status-publish","has-post-thumbnail","hentry"],"acf":[],"_links":{"self":[{"href":"https:\/\/www.mjb-jmb.org\/nl\/wp-json\/wp\/v2\/pages\/946","targetHints":{"allow":["GET"]}}],"collection":[{"href":"https:\/\/www.mjb-jmb.org\/nl\/wp-json\/wp\/v2\/pages"}],"about":[{"href":"https:\/\/www.mjb-jmb.org\/nl\/wp-json\/wp\/v2\/types\/page"}],"author":[{"embeddable":true,"href":"https:\/\/www.mjb-jmb.org\/nl\/wp-json\/wp\/v2\/users\/1"}],"replies":[{"embeddable":true,"href":"https:\/\/www.mjb-jmb.org\/nl\/wp-json\/wp\/v2\/comments?post=946"}],"version-history":[{"count":2,"href":"https:\/\/www.mjb-jmb.org\/nl\/wp-json\/wp\/v2\/pages\/946\/revisions"}],"predecessor-version":[{"id":7643,"href":"https:\/\/www.mjb-jmb.org\/nl\/wp-json\/wp\/v2\/pages\/946\/revisions\/7643"}],"up":[{"embeddable":true,"href":"https:\/\/www.mjb-jmb.org\/nl\/wp-json\/wp\/v2\/pages\/940"}],"wp:featuredmedia":[{"embeddable":true,"href":"https:\/\/www.mjb-jmb.org\/nl\/wp-json\/wp\/v2\/media\/5670"}],"wp:attachment":[{"href":"https:\/\/www.mjb-jmb.org\/nl\/wp-json\/wp\/v2\/media?parent=946"}],"curies":[{"name":"wp","href":"https:\/\/api.w.org\/{rel}","templated":true}]}}

<p>Onze fototheek telt meer dan 6000&nbsp;gecodeerde&nbsp;foto’s en breidt nog altijd verder uit dankzij schenkingen en aankopen. De beelden in de fototheek hebben betrekking op de meeste aspecten van het gemeenschapsleven van de Belgische joden. Bij de vele thema’s die aan bod komen, vinden we familiefoto’s, beelden van Belgische of buitenlandse bekende joodse personen, over de verschillende joodse politieke bewegingen in België, het leven in de synagoge en het religieuze leven, over het zionisme, de grote conflicten in de wereld, de geschiedenis van de joden vóór 1830 in het toekomstige België, de grote joodse maatschappelijke organisaties (Bnei brit, Naamat), de sportverenigingen, het Joods Vrijzinnig Gemeenschapscentrum, tehuizen, scholen en jeugdcentra, de joodse scouts, kunsten en ambachten, theater en muziek, film, begraafplaatsen, post Shoah-gedenkplaatsen, enz.</p>



<figure class="wp-block-gallery has-nested-images columns-default is-cropped wp-block-gallery-1 is-layout-flex wp-block-gallery-is-layout-flex">
<figure class="wp-block-image size-medium"><a href="https://www.mjb-jmb.org/wp-content/uploads/2020/09/08-1000x681.jpg"><img decoding="async" data-id="870" src="https://www.mjb-jmb.org/wp-content/uploads/2020/09/08-1000x681.jpg" alt="" class="wp-image-870"/></a></figure>



<figure class="wp-block-image size-medium"><a href="https://www.mjb-jmb.org/wp-content/uploads/2020/09/10-1000x701.jpg"><img decoding="async" data-id="878" src="https://www.mjb-jmb.org/wp-content/uploads/2020/09/10-1000x701.jpg" alt="" class="wp-image-878"/></a><figcaption>Célébration du premier Yom Ha-Atsmaout, Jour d’Indépendance de l’Etat d’Israël, Palais de Beaux- Arts de Bruxelles, mai 1949.</figcaption></figure>



<figure class="wp-block-image size-medium"><a href="https://www.mjb-jmb.org/wp-content/uploads/2020/09/09-1000x683.jpg"><img decoding="async" data-id="877" src="https://www.mjb-jmb.org/wp-content/uploads/2020/09/09-1000x683.jpg" alt="" class="wp-image-877"/></a><figcaption>Mémorial National aux Martyrs Juifs de Belgique, Anderlecht, 1970.</figcaption></figure>



<figure class="wp-block-image size-medium"><a href="https://www.mjb-jmb.org/wp-content/uploads/2020/09/08-1-1000x681.jpg"><img decoding="async" data-id="876" src="https://www.mjb-jmb.org/wp-content/uploads/2020/09/08-1-1000x681.jpg" alt="" class="wp-image-876"/></a><figcaption>Réfugiés Juifs allemands débarquant du paquebot Saint Louis le 17 juin 1932 au port d’Anvers.</figcaption></figure>



<figure class="wp-block-image size-medium"><a href="https://www.mjb-jmb.org/wp-content/uploads/2020/09/07-1000x901.jpg"><img decoding="async" data-id="875" src="https://www.mjb-jmb.org/wp-content/uploads/2020/09/07-1000x901.jpg" alt="" class="wp-image-875"/></a><figcaption>Photographie de S.M. le roi Albert 1er avec Albert Einstein dans les jardins du Palais Royal de Laeken en 1932.</figcaption></figure>



<figure class="wp-block-image size-medium"><a href="https://www.mjb-jmb.org/wp-content/uploads/2020/09/06-669x1000.jpg"><img decoding="async" data-id="874" src="https://www.mjb-jmb.org/wp-content/uploads/2020/09/06-669x1000.jpg" alt="" class="wp-image-874"/></a><figcaption>Photographie du docteur René Duivepart, médecin durant la Première Guerre mondiale.</figcaption></figure>



<figure class="wp-block-image size-medium"><a href="https://www.mjb-jmb.org/wp-content/uploads/2020/09/05.jpg"><img decoding="async" data-id="873" src="https://www.mjb-jmb.org/wp-content/uploads/2020/09/05.jpg" alt="" class="wp-image-873"/></a><figcaption>Catégorie « Scoutisme juif » : groupe de l’Hashomer Hatzaïr à Houffalize durant l’été 1938.</figcaption></figure>



<figure class="wp-block-image size-medium"><a href="https://www.mjb-jmb.org/wp-content/uploads/2020/09/04.jpg"><img decoding="async" data-id="872" src="https://www.mjb-jmb.org/wp-content/uploads/2020/09/04.jpg" alt="" class="wp-image-872"/></a><figcaption>Défilé des membres du Dror à Bruxelles le 1er mai 1947.</figcaption></figure>



<figure class="wp-block-image size-medium"><a href="https://www.mjb-jmb.org/wp-content/uploads/2020/09/03.jpg"><img decoding="async" data-id="871" src="https://www.mjb-jmb.org/wp-content/uploads/2020/09/03.jpg" alt="" class="wp-image-871"/></a><figcaption>Catégorie « Mouvement de Jeunesse Juif » : Groupe de jeunes du Dror avec l’un des membres, Henri Bibrowski , au premier plan à gauche.</figcaption></figure>



<figure class="wp-block-image size-medium"><a href="https://www.mjb-jmb.org/wp-content/uploads/2020/09/13.jpg"><img decoding="async" data-id="881" src="https://www.mjb-jmb.org/wp-content/uploads/2020/09/13.jpg" alt="" class="wp-image-881"/></a><figcaption>Photographie de la Grande Synagogue de la rue de la Régence à Bruxelles, fin des années 1890.</figcaption></figure>



<figure class="wp-block-image size-medium"><a href="https://www.mjb-jmb.org/wp-content/uploads/2020/09/12.jpg"><img decoding="async" data-id="880" src="https://www.mjb-jmb.org/wp-content/uploads/2020/09/12.jpg" alt="" class="wp-image-880"/></a><figcaption>Célébration d’une Bat Mitzvah collective à la grande synagogue de la rue de la Régence avec le ministre officiant Pinchas Kahlenberg, Bruxelles, fin des années 1970.</figcaption></figure>



<figure class="wp-block-image size-medium"><a href="https://www.mjb-jmb.org/wp-content/uploads/2020/09/11-1000x731.jpg"><img decoding="async" data-id="879" src="https://www.mjb-jmb.org/wp-content/uploads/2020/09/11-1000x731.jpg" alt="" class="wp-image-879"/></a><figcaption>Portrait du joueur d’échec Akiba Rubinstein, 1920-1930.</figcaption></figure>
</figure>



<p>Foto’s kunnen digitaal of op papier worden besteld (behalve uitzonderingen*), tegen betaling van een vergoeding en op voorwaarde dat het copyright van het Museum onder de afbeelding wordt vermeld: © Collecties Joods Museum van België of © Collecties JMB</p>



<p>* De weergave van foto’s van herkenbare personen kunnen we niet toestaan zonder voorafgaande toestemming van henzelf of van hun familie.</p>



<h2 class="wp-block-heading">Tarief voor copyrights</h2>



<figure class="wp-block-table is-style-stripes"><table class="has-fixed-layout"><tbody><tr><td>Afdruk in kleur</td><td>40 € per publicatie</td></tr><tr><td>Afdruk in zwart-wit</td><td>20 € per publicatie</td></tr><tr><td>Afdruk op de cover van een boek, een tijdschrift, …</td><td>150 € per publicatie</td></tr></tbody></table><figcaption>Voor grote hoeveelheden of voor specifieke vragen is altijd een regeling mogelijk.</figcaption></figure>



<h2 class="wp-block-heading">Tarief voor digitale afbeeldingen</h2>



<figure class="wp-block-table is-style-stripes"><table class="has-fixed-layout"><tbody><tr><td>Scan voor privégebruik</td><td>5 € per stuk</td></tr><tr><td>Scan voor commercieel gebruik</td><td>10 € per stuk</td></tr><tr><td>Niet-gezipte scan (Tiff 300 dpi)</td><td>12 € per cd-rom</td></tr></tbody></table><figcaption>Verzenden van foto’s als jpg (gezipt formaat) per e-mail zonder bijkomende kosten.</figcaption></figure>
